 l = c + -7. What is the greatest common divisor of l and i?
11
Let h(g) = -g + 2. Let z be h(-1). Let w(x) = -x**2 + x + 3. Let s be w(0). Calculate the highest common factor of z and s.
3
Let c(i) = -i**2 - 9*i + 7. Let m be c(-9). Calculate the highest common factor of 70 and m.
7
Let u be 2*(1*-3)/(-6). Let d be 3 + -2 - (0 + u). Suppose d = 3*p + 5*a - 125, 2*p + 4*a = 36 + 46. What is the greatest common divisor of 15 and p?
15
Let z = -2887 - -1963. Let o be ((-36)/(-7))/((-22)/z). Let t be (24/1)/((-1)/(-1)). Calculate the highest common factor of o and t.
24
Let j be 2 + (-1)/1 + 90. Suppose 8*m + 13 - 117 = 0. What is the greatest common factor of m and j?
13
Let f(x) = 37*x**2 + 2*x + 1. Let y be f(-2). Suppose z - 3*z - h + y = 0, 5*z + h = 355. What is the highest common factor of z and 14?
14
Suppose 0*d - 40 = -d. Let r(m) be the third derivative of -m**4/12 - m**3 + 3*m**2. Let l be r(-8). Calculate the greatest common factor of l and d.
10
Suppose 4*o - 57 = -21. Suppose -2*q - q = 0. Let f(d) = d**2 + 99. Let i be f(q). Calculate the greatest common factor of o and i.
9
Suppose -r = -0*r - 13. Let g = r + 5. Calculate the greatest common divisor of g and 9.
9
Suppose 5*j - 8*j + 90 = 0. What is the highest common factor of j and 20?
10
Let d(h) = -h + 10. Let t be d(7). Let w be 1 + -3 - (t - 6). Calculate the greatest common factor of w and 7.
1
Let i be (-5)/2*(-49 + 1/(-1)). Calculate the highest common factor of 25 and i.
25
Let b = 19 - 13. Suppose -d + 0*d = -b. Suppose 3*m + 18 = 6*m. Calculate the highest common divisor of m and d.
6
Let j(b) = b**2 - 6*b - 10. Let q be j(8). Suppose -26 - 78 = -4*u + 4*v, 2*v = -2*u + 68. What is the highest common factor of u and q?
6
Suppose 0 = -4*k + 2*p + 746, -k - p + 184 = p. What is the highest common divisor of k and 6?
6
Suppose 2*s = -2*i + 32, -3*s + 5*i + 20 = 4. Let n(t) = t**3 + 7*t**2 + 5*t - 4. Let o be n(-6). Calculate the greatest common factor of s and o.
2
Let w be -1 + (9 - (2 - -2)). What is the highest common divisor of w and 16?
4
Let y = -89 + 137. Calculate the greatest common factor of 336 and y.
48
Let k(m) = -168*m - 2. Let j be k(-2). Let g = 0 + 0. Suppose 5*f - 3*w = 538, -3*f + g*f = w - j. Calculate the highest common factor of 10 and f.
10
Suppose -130 = -5*q - 5. Calculate the greatest common factor of 100 and q.
25
Let r(k) = 1121*k - 4. Let z be r(2). Let d be (-2)/8 - z/(-24). What is the highest common factor of d and 62?
31
Let g = 297 + -209. What is the highest common divisor of 8 and g?
8
Suppose 0 = 3*v - 15, 0 = -3*f + 7*f + v - 77. Let k = 28 - 1. What is the greatest common factor of k and f?
9
Suppose s = -x, 4*s + x - 6 = 3. Suppose -u + 60 - 5 = 0. Let k be u/3 + s/(-9). What is the greatest common factor of 36 and k?
18
Let k = 51 + 54. What is the greatest common factor of 21 and k?
21
Suppose -u = -3*u + 2. What is the greatest common factor of 4 and u?
1
Let h = 129 + -69. Let x = -4 + 19. What is the greatest common factor of x and h?
15
Let r be 3 - 2*(-21 + 2). Suppose -l + 27 = 3*p - 10, 0 = 4*p + 3*l - r. Calculate the greatest common factor of p and 28.
14
Suppose -3*w + 3 = -3. Suppose -w*l + 62 = -34. What is the highest common divisor of 16 and l?
16
Let s = 112 - 100. What is the greatest common factor of s and 132?
12
Suppose 63 - 4 = -5*b + 4*q, -8 = 2*q. Let m = -4 - b. Suppose -4*c - 2*s = -54, c + 3*s = 5*s + m. What is the greatest common factor of c and 104?
13
Let l(a) = 3*a**3 - 4*a**2 + 3*a - 4. Let k be l(3). Calculate the greatest common factor of k and 125.
25
Let c = 10 + -6. Suppose -85 = -c*l - 3*f, 0 = 3*l - 0*l + 4*f - 62. What is the highest common divisor of 110 and l?
22
Suppose z = -l - 2*z + 9, -l - z - 1 = 0. Let p = l + 11. Suppose 16 + 14 = p*b. Calculate the highest common divisor of 18 and b.
6
Suppose 0 = t + 4*o, 6 = 3*o + 9. Suppose 0 = -3*x - 4*a + 120, 2*x = -3*a + 48 + 31. What is the highest common factor of x and t?
4
Let g = 59 + -34. Calculate the greatest common divisor of g and 5.
5
Let t(s) = s - 16. Let v be t(14). Let u(k) = 4*k**2 - 2*k - 3. Let g be u(v). Calculate the greatest common divisor of g and 34.
17
Suppose -4*z + 3*z = -65. Suppose 0 = 2*l, 3*f - l - 65 = -2*f. Calculate the highest common factor of z and f.
13
Let b be 12/(-28) + (-255)/(-7). Calculate the highest common divisor of b and 4.
4
Let f = 9 + -4. Suppose -f*z + 380 = -0*g - g, -3*g + 210 = 3*z. What is the highest common factor of z and 30?
15
Suppose 7*m - 12 = 2. Calculate the greatest common factor of m and 6.
2
Suppose 4*x - 2*b - 2*b - 140 = 0, -5 = -b. Calculate the greatest common divisor of x and 8.
8
Suppose 3*j + 126 = 3*d, 0*j + j + 122 = 3*d. What is the greatest common divisor of d and 10?
10
Let k(h) = 2*h. Let v = -8 - -12. Let t be k(v). Let b be 5/((-10)/(-8)) - 2. What is the greatest common factor of b and t?
2
Let x be 1/((-27)/12 + 2). Let c be 6/x + 1384/16. What is the greatest common factor of c and 17?
17
Let j = 2 - -3. Suppose h - j + 4 = -f, -4*h - 12 = 0. What is the highest common factor of 4 and f?
4
Let k be ((-20)/3)/(2/(-18)). Suppose 161 = -2*m - 79. Let l be (m/(-16))/((-2)/(-4)). What is the greatest common divisor of k and l?
15
Suppose -8*c + 18 = -62. Calculate the highest common factor of c and 30.
10
Suppose 2*k + q - 7 = -k, -k = -4*q + 2. What is the highest common factor of k and 18?
2
Let m(d) = d + 2. Let a be m(-4). Let s be 3 + 2/a + 8. Calculate the highest common divisor of s and 20.
10
Let r = -2 + 65. Calculate the highest common factor of 9 and r.
9
Let p be 1/(-1)*1*-6. Let t be (-96)/(-10) - 10/(-25). Let q = 40 - t. What is the greatest common factor of q and p?
6
Let o be -2*(-4)/(5 - 3). Suppose 0 = 6*p - 4*p - 5*h - 75, o*h = -4. Calculate the greatest common divisor of 5 and p.
5
Suppose 710 = 4*a - 250. Suppose 4*b - 146 + 26 = 0. Calculate the greatest common factor of b and a.
30
Let f be (2 + -5)/(7 + -8). Calculate the highest common factor of f and 6.
3
Suppose 4*p - p - 4*d = 109, -2*d - 33 = -p. What is the greatest common divisor of p and 344?
43
Let m be 0 + (-2 + (-5)/(-2))*50. Calculate the greatest common factor of m and 15.
5
Let o be -6 + -3 + 1/1. Let u be 4/o*10*2. Let n = u - -17. Calculate the highest common divisor of 77 and n.
7
Let l(n) = -37*n + 6. Let d be l(-2). Calculate the highest common divisor of d and 30.
10
Suppose 0 = -6*j + 2*j + 12. Suppose 3*y = -5*f + 61, 2*f + 0*y = -j*y + 28. Calculate the highest common factor of 1 and f.
1
Let h be 838/8 - 1/(-4). Suppose -168 = -4*q + 3*r - 7*r, -5*r = 2*q - 84. What is the highest common divisor of h and q?
21
Suppose -i = -4*r + 8, 5*i = r + r - 4. Suppose r*u + u = 135. Calculate the highest common divisor of u and 30.
15
Let s be 1*(-27 + 3)*-1. Calculate the highest common divisor of s and 40.
8
Let d be -3*(1 + (-20)/6). Suppose -2*j + 196 = 2*j. What is the greatest common divisor of j and d?
7
Suppose f + 3*z = -11 - 7, 2*f + z + 46 = 0. Let a be -5*f/(-15)*-1. Suppose 0 = 2*v - 3*v + a. What is the greatest common divisor of 4 and v?
4
Suppose 2*q = -5*d + 262, 8 = 3*q - 5*q. Let i(r) = r**2 - 2*r + 1. Let n be i(7). Calculate the greatest common factor of d and n.
18
Let q(s) = s**2 - 2*s - 6. Let c be q(5). Let l = c - 4. Suppose 44 - 124 = -2*d. What is the greatest common factor of l and d?
5
Suppose 4*p = p. Let q be 5/20 - (-38)/8. Suppose p = 3*a + 2*i - 48, 3*a + 0*i + q*i = 39. Calculate the highest common divisor of a and 12.
6
Let h(q) = 50*q**2. Let z be h(1). Calculate the greatest common factor of z and 5.
5
Let i = -15 - -26. Let w be (8/(-32))/((-2)/8). What is the greatest common divisor of i and w?
1
Suppose 0 = g - o - 41, 2*g + 21 = -4*o + 127. Calculate the highest common factor of g and 30.
15
Suppose 3 = -z + 4*q - 1, z - q - 2 = 0. Suppose z = -4*c - 4. Let b be (3 - -5 - c) + 0. What is the greatest common divisor of 110 and b?
10
Suppose 4*g = -g - 60. Let z be (-5)/(50/g)*50. What is the highest common factor of 24 and z?
12
Let x be (-1 + -1)/(6/21). Let h be 5/(x/(-2) - 3). Let m be ((-4)/h)/((-7)/70). Calculate the greatest common divisor of m and 2.
2
Let l(n) = -n**3 - 11*n**2 + 10*n - 12. Let u be (-60)/(-18)*18/(-5). Let